rue
Is 3762433 prime?
True
Is 24117 a prime number?
False
Is 66219 a composite number?
True
Is 2487691 composite?
False
Is 119951 a composite number?
True
Is 96245 composite?
True
Is 36373 a prime number?
True
Is 242561 composite?
True
Is 12697 a prime number?
True
Is 24737 prime?
False
Is 19531 composite?
False
Is 792859 prime?
False
Is 21137 composite?
True
Is 136943 a composite number?
False
Is 171257 a prime number?
False
Is 7463 a composite number?
True
Is 242974 a prime number?
False
Is 683 a prime number?
True
Is 655769 composite?
True
Is 653 a prime number?
True
Is 3959 prime?
False
Is 5758 a composite number?
True
Is 1151 a composite number?
False
Is 55871 a prime number?
True
Is 57314 composite?
True
Is 275873 a composite number?
True
Is 479 a composite number?
False
Is 28961 a composite number?
False
Is 118603 prime?
True
Is 15971 composite?
False
Is 40253 a composite number?
False
Is 31919 composite?
True
Is 5779 prime?
True
Is 2023889 composite?
True
Is 183 composite?
True
Is 1895 prime?
False
Is 5386993 composite?
False
Is 29653 composite?
True
Is 5935893 a composite number?
True
Is 13811 a composite number?
True
Is 632819 a prime number?
False
Is 279859 a prime number?
False
Is 32603 a composite number?
False
Is 1937 a composite number?
True
Is 18467 a composite number?
True
Is 33287 prime?
True
Is 10817 prime?
False
Is 154533 prime?
False
Is 150151 a prime number?
True
Is 253 composite?
True
Is 5257 a composite number?
True
Is 19898 prime?
False
Is 7817 composite?
False
Is 3595 a prime number?
False
Is 4241 prime?
True
Is 164657 composite?
True
Is 17519 composite?
False
Is 16601 a prime number?
False
Is 183083 prime?
False
Is 81451 prime?
False
Is 67441 prime?
False
Is 11474 a prime number?
False
Is 96479 a prime number?
True
Is 26947 prime?
True
Is 40993 composite?
False
Is 18773 a composite number?
False
Is 27154 prime?
False
Is 14867 composite?
False
Is 916063 composite?
True
Is 45827 a prime number?
True
Is 83597 a composite number?
False
Is 183841 prime?
False
Is 38501 prime?
True
Is 240829 composite?
False
Is 322099 a prime number?
False
Is 234527 prime?
True
Is 8501 a prime number?
True
Is 562607 prime?
True
Is 28463 a composite number?
False
Is 347129 composite?
False
Is 44011 composite?
True
Is 2843 prime?
True
Is 13669 composite?
False
Is 6395 composite?
True
Is 52795 a prime number?
False
Is 1801 prime?
True
Is 3761 a composite number?
False
Is 51929 a composite number?
False
Is 97574 a composite number?
True
Is 352511 a prime number?
True
Is 19847 a composite number?
True
Is 5335313 composite?
False
Is 38903 composite?
False
Is 19043 a prime number?
False
Is 273094 a prime number?
False
Is 306739 a prime number?
True
Is 108497 composite?
False
Is 84649 a composite number?
False
Is 2122 prime?
False
Is 3431 a prime number?
False
Is 747781 prime?
True
Is 7499 prime?
True
Is 254557 a composite number?
False
Is 72763 composite?
False
Is 260773 a prime number?
True
Is 3691 prime?
True
Is 12157 a prime number?
True
Is 944297 a composite number?
False
Is 14173 a prime number?
True
Is 27427 a composite number?
False
Is 21769 a prime number?
False
Is 86489 composite?
True
Is 637909 composite?
False
Is 28759 composite?
False
Is 15683 prime?
True
Is 20649 prime?
False
Is 17903 a prime number?
True
Is 48595 a prime number?
False
Is 32735 a composite number?
True
Is 90583 prime?
True
Is 666317 a prime number?
False
Is 86491 a composite number?
False
Is 12937 composite?
True
Is 140159 a prime number?
True
Is 172427 composite?
False
Is 211 prime?
True
Is 265007 a composite number?
False
Is 521 a composite number?
False
Is 5926 composite?
True
Is 1770409 a prime number?
True
Is 4759 prime?
True
Is 25733 composite?
False
Is 22177 a prime number?
False
Is 2426491 a prime number?
True
Is 110711 composite?
False
Is 2237 composite?
False
Is 539947 a prime number?
True
Is 67247 composite?
False
Is 1284679 prime?
False
Is 1116723 a prime number?
False
Is 180733 prime?
False
Is 167667 composite?
True
Is 43481 prime?
True
Is 20039 a prime number?
False
Is 16183 a composite number?
False
Is 66437 a composite number?
True
Is 355 composite?
True
Is 97059 a composite number?
True
Is 69623 a prime number?
True
Is 14197 a composite number?
False
Is 362213 composite?
False
Is 503911 prime?
True
Is 476555 composite?
True
Is 27997 a prime number?
True
Is 208019 prime?
False
Is 215011 prime?
False
Is 427013 composite?
False
Is 679 a composite number?
True
Is 16309 composite?
True
Is 211297 prime?
True
Is 148453 prime?
False
Is 184499 a prime number?
False
Is 449831 a composite number?
True
Is 26086 a prime number?
False
Is 1949 a composite number?
False
Is 197479 a composite number?
False
Is 851 a composite number?
True
Is 1151 a prime number?
True
Is 104963 composite?
True
Is 1399 a composite number?
False
Is 149999 prime?
False
Is 39779 a composite number?
False
Is 367507 a composite number?
True
Is 74281 a composite number?
True
Is 39163 a prime number?
True
Is 340751 a prime number?
False
Is 6791 a composite number?
False
Is 2609 a prime number?
True
Is 40307 composite?
True
Is 937 composite?
False
Is 23559 prime?
False
Is 498937 composite?
False
Is 223415 a composite number?
True
Is 22189 a composite number?
False
Is 13009 prime?
True
Is 1550471 composite?
True
Is 45751 a composite number?
False
Is 224581 prime?
False
Is 19369 prime?
False
Is 351151 a composite number?
False
Is 2609 composite?
False
Is 94321 a composite number?
False
Is 34915 a prime number?
False
Is 17623 prime?
True
Is 943991 a prime number?
False
Is 83078 a prime number?
False
Is 49349 composite?
True
Is 31579 prime?
False
Is 1361 prime?
True
Is 10111 composite?
False
Is 354934 a prime number?
False
Is 17231 composite?
False
Is 110347 composite?
True
Is 5639 a prime number?
True
Is 2411 a prime number?
True
Is 13165 a prime number?
False
Is 45313 a prime number?
False
Is 57029 composite?
True
Is 64151 composite?
False
Is 4321 composite?
True
Is 306938 a prime number?
False
Is 479131 a composite number?
False
Is 985819 a prime number?
True
Is 3173 a prime number?
False
Is 8179 prime?
True
Is 1819 composite?
True
Is 32831 composite?
False
Is 4861 a prime number?
True
Is 146437 a composite number?
False
Is 872647 prime?
True
Is 493567 prime?
True
Is 1399 a prime number?
True
Is 208379 a prime number?
True
Is 93463 a composite number?
False
Is 371383 a prime number?
True
Is 242665 prime?
False
Is 10079 composite?
False
Is 1559801 composite?
True
Is 391037 prime?
False
Is 1364839 composite?
True
Is 9617 composite?
True
Is 1784767 a composite number?
False
Is 179519 prime?
True
Is 13567 a composite number?
False
Is 37255 composite?
True
Is 9349 prime?
True
Is 1184097 composite?
True
Is 4781 a prime number?
False
Is 1756951 a prime number?
False
Is 215653 composite?
False
Is 2099 a composite number?
False
Is 217979 composite?
False
Is 293 a composite number?
False
Is 626017 a composite number?
True
Is 5510735 a prime number?
False
Is 30631 a composite number?
False
Is 91121 a composite number?
False
Is 627545 prime?
False
Is 5153 prime?
True
Is 33679 composite?
False
Is 226997 a composite number?
True
Is 65413 a composite number?
False
Is 1124383 a prime number?
False
Is 16997 a composite number?
True
Is 26627 a composite number?
False
Is 104347 prime?
True
Is 142019 a prime number?
True
Is 9781 prime?
True
Is 53951 a composite number?
False
Is 14783 a composite number?
False
Is 7357 prime?
False
Is 6218 a composite number?
True
Is 3071 a composite number?
True
Is 4619 a prime number?
False
Is 37523 prime?
False
Is 25177 a composite number?
True
Is 147977 prime?
True
Is 31511 a prime number?
True
Is 5682793 a composite number?
True
Is 109469 a composite number?
False
Is 497 composite?
True
Is 1501141 a composite number?
True
Is 1381609 composite?
False
Is 64747 prime?
True
Is 7841 prime?
True
Is 76739 composite?
True
Is 1468331 prime?
False
Is 875893 composite?
False
Is 9521 composite?
False
Is 569123 a prime number?
False
Is 31099 a prime number?
False
Is 6629 composite?
True
Is 723721 a composite number?
False
Is 38903 prime?
True
Is 22367 a composite number?
False
Is 3833 prime?
True
Is 83831 a prime number?
False
Is 634393 prime?
False
Is 55951 a composite number?
True
Is 8